(u).
-14
Let c(o) be the second derivative of 13*o**3/6 + o. Calculate c(1).
13
Suppose y = -2*y + 24. Let k(c) = -c - y*c + 1 + 8*c + 3*c**3. Give k(1).
3
Let q = -15 + 18. Let j(d) = d**3 - 5*d**2 + 3*d + 3. Calculate j(q).
-6
Let k be 5/(-2)*(-6)/5. Let c(n) = -4*n - 5. Let z(v) = 2*v + 2*v - 2*v - v + 1. Let h(i) = -c(i) - 5*z(i). Calculate h(k).
-3
Let z be ((-1)/(-2))/(2/12). Let v(x) = -4*x + 2 - 7 - z. Let n(p) = 11*p + 23. Let f(w) = -6*n(w) - 17*v(w). Give f(5).
8
Let p(b) = b + 3. Let i(y) = -3*y + 7. Let w be i(-4). Let j = -22 + w. Give p(j).
0
Let p(h) = -h + 1. Let n be 1 + -1 + -1 + 6/(-3). Calculate p(n).
4
Let z(w) = 2*w**2 - 5*w - 2. Suppose 30 - 15 = 3*k. Calculate z(k).
23
Let m(s) be the third derivative of -s**6/360 - s**5/120 + s**4/24 - s**3/6 + 2*s**2. Let w(l) be the first derivative of m(l). Calculate w(0).
1
Suppose n = 5 - 0. Let o(z) = z**3 - 4*z**2 - 6*z + 7. Let v be o(n). Suppose -2*b + 8 = -6*b, 0 = 4*g - v*b - 4. Let w(u) = -u + 5. What is w(g)?
5
Let i(u) = -3*u**3 - 3*u**2 + 6*u + 1. Suppose 0*w = -4*w + 12. Let g(n) = -4*n**3 - 3*n**2 + 6*n + 1. Let l(c) = w*i(c) - 2*g(c). Give l(-4).
-7
Let m(s) = -s - 9. Let i be m(-5). Let k(x) = x + 2. Suppose -3*j + d + 8 + 2 = 0, 5*j - 12 = -3*d. Let g(y) = -y - 2. Let l(w) = j*g(w) + 2*k(w). What is l(i)?
2
Let m(h) = h**3 - 5*h**2 + h. Let d(o) = -o**2 + 6*o + 1. Let t be d(6). Let g be ((-4)/3)/((-1)/3). Let z = t + g. Give m(z).
5
Let j(g) = 5*g + 2. Let h be j(2). Suppose -n + h = 2*n. Let x(d) = -2*d + n*d - d + 1. Determine x(-1).
0
Suppose 0*y + j = y - 1, 4*j + 4 = -5*y. Suppose -3*k = a - 16, y = -0*a - 3*a + 5*k - 22. Let m(s) = 14*s**2 + s - 1. What is m(a)?
14
Let f(a) = a**2 - 3*a + 2. Let x be f(3). Let c(m) = -x + m - 6*m + 1 + 3. What is c(3)?
-13
Let n(p) = -p**3 - 6*p**2 - 17 + 32 - 19 - 2*p. Give n(-6).
8
Let i = 2 + 1. Let n(m) = -5*m**2 - m**3 + 11 - 7 - i - m. What is n(-5)?
6
Let t = 0 - -2. Let q = t - 2. Let r = q + 0. Let i(o) = -o**3 - o - 9. Calculate i(r).
-9
Let l(c) = -2*c**3 + 3*c**2 + c - 2. Let y = 15 - 1. Let o = 16 - y. Determine l(o).
-4
Let f(z) = z**3 - 5*z**2 + 4*z + 3. Suppose 5*h + 0*y = 5*y + 30, 2*y + 24 = 5*h. Calculate f(h).
3
Suppose -5 - 5 = -5*b. Let y(p) = -2*p + p - 1 - b. Suppose -2*a - x - 4 = 11, -5*a - 5*x = 45. Calculate y(a).
3
Let f(d) = -d**2 - 3*d - 2. Let o be 0 + (-4)/(-2 - -3). Give f(o).
-6
Let c(b) = -b - 1. Let q be -1*(1 + -1)*-1. Suppose q + 20 = 4*x. What is c(x)?
-6
Let d(u) = u**3 - 2*u - 2. Let o = 27 - 15. Suppose 2*p + 12 = -4*x - o, -5*p + 4*x = -10. Give d(p).
-6
Suppose -2*p = -u + 9, 3*u + 2*p + 5 = -8. Let d = u + 3. Let w(c) be the third derivative of c**4/24 - c**3/6 - c**2. What is w(d)?
1
Suppose -3*u + 5 = 2*u. Let k be (10*u)/(1 - -1). Suppose 0 = 5*m - k + 20. Let d(z) = -3*z - 2. Determine d(m).
7
Let c(t) = t**3 - 6*t**2 + 6*t. Let j(x) = 12*x**2 + 4*x. Let m(n) = -4*n**2 - n. Let a(v) = -2*j(v) - 7*m(v). Let y be a(-1). Calculate c(y).
5
Let w(k) be the third derivative of k**5/60 + 7*k**4/24 - k**3/2 + 11*k**2. Determine w(-8).
5
Let n(b) = -3*b + 12. Let u(k) = k - 4. Let w(z) = -2*n(z) - 7*u(z). What is w(3)?
1
Let c(k) = -59*k + 23*k + 14*k + 20*k + 1. Determine c(-1).
3
Let n(l) = l**3 + 2*l**2 + l + 4. Let q be (-10)/(-5) - 1*-3. Suppose -2*y = -2*t - y - 8, q*y + 2 = -4*t. Give n(t).
-8
Suppose -5*v - 9 + 12 = -t, 5*v + 3*t = -9. Let z(k) = -5*k**2 + k - 12. Let g(m) = -4*m**2 + m - 11. Let h(o) = -4*g(o) + 3*z(o). Determine h(v).
8
Let u(j) = 2*j - 6*j + 15 + 3*j. Calculate u(0).
15
Let o(d) = -d**2 + 2*d + 4. Suppose 0 = -4*p - 4*j - 19 - 9, 4*p - 8 = 5*j. Calculate o(p).
-11
Let i(u) = 6 + 9*u + 3*u + u**2 - 22*u + 6. Give i(8).
-4
Suppose 4*c - y + 4*y + 12 = 0, 4 = 2*c - y. Suppose d + 2 = q, c = 4*q + 3*d - 4*d - 17. Let z(i) = -i**2 + 4*i + 7. Determine z(q).
2
Let w be (-22)/(-6) - (-1)/3. Let c(q) = q**3 - 4*q**2 + 2*q + 3. Calculate c(w).
11
Let t = 2 + -5. Let p(j) = -6*j - 8*j - 10*j + 23*j - 5. Calculate p(t).
-2
Let j(p) = -p + 0*p**2 - p**2 + 1 + 8*p**3 - 2*p**3. Let h = -14 - -10. Let b be 10/14 + h/(-14). Calculate j(b).
5
Let z(b) = -2 + 2*b**2 + b - 4*b**3 - b**3 + 6*b**3 + b**2. Suppose -3*g = s + 10, 4*s + 11 = -g - 7. Determine z(g).
0
Let t(d) = -d**2 + d - 2. Suppose 9*n = -10*n + 14*n. What is t(n)?
-2
Let k(n) = 3*n - 1. Let b(h) = -5*h**3 + 4*h**2 - 5*h - 3. Let i(y) = y**3 + y. Let q(z) = b(z) + 4*i(z). Let x be q(3). Determine k(x).
8
Let d = -14 - -9. Let p(k) = k + 7. What is p(d)?
2
Let t(x) = 4*x**2 + x + 2. Let c(z) = -11*z**2 - 4*z - 5. Let q(f) = -f + 3. Let l be q(0). Let y(r) = l*c(r) + 8*t(r). Calculate y(-4).
1
Let n = -6 - -8. Let b(v) be the first derivative of -5*v**2/2 + v - 2. Determine b(n).
-9
Let u = 3 - -3. Let x(j) = j**2 - 6*j + 4. What is x(u)?
4
Let z(n) = -2*n + 3. Suppose 4*x - 30 = -5*l - 84, 2 = -l. Let o = x - -13. Calculate z(o).
-1
Let c(h) = -h - 1. Let j(n) = -n - 2. Let t be j(-8). Suppose 5*u + 5 = 5*o, -u - t = -1. Let x be 6/2 - 3 - o. Determine c(x).
-5
Let x(g) = 7*g + 3. Let q = -55 - -53. Give x(q).
-11
Let c(u) = u**3 + 4*u**2 + 2*u - 1. Let r be c(-3). Suppose -p + r = -0*p. Let h(o) = 2*o**3 - 2*o**2 + o - 1. Give h(p).
9
Let d(g) = -3*g**2 + g - 1. Let v(c) = c**3 + 6*c**2 - 7*c + 1. Let q be v(-7). Let r be d(q). Let j(a) = 0*a**2 - 4 + 4*a + a**2 + 0*a**2. Give j(r).
-7
Let o be 1/5 - (-4)/5. Suppose 5*x = 21 - o. Let v(y) = y + 4. What is v(x)?
8
Let n(i) = 2*i - 1. Let r be n(1). Let u(g) = -g**2. Let a(c) = c**3 + 7*c**2 + 3*c + 4. Let y(b) = r*a(b) + 2*u(b). Calculate y(-4).
8
Let t be 16 - ((-16)/(-4))/2. Let l(c) = 4*c + 7 + 11*c - t*c + c**2. Give l(0).
7
Let v = 8 + -3. Let t(s) = -13*s - 6. Let b(o) = -6*o - 3. Let z(n) = v*b(n) - 2*t(n). Calculate z(-2).
5
Let m(d) be the third derivative of d**6/120 + d**5/15 - 2*d**3/3 - 5*d**2. Calculate m(-3).
5
Let n = -21 - -23. Let j(i) be the third derivative of 1/8*i**4 + n*i**2 + 0 + 0*i - 1/30*i**5 + 0*i**3. Calculate j(2).
-2
Let w(r) = 3*r**2 + r + 1. Let a be w(-1). Let q(i) = 4*i + i + 1 - 9*i + a*i. Let h be (1/(-2))/((-1)/4). Determine q(h).
-1
Let t be (-1 + 8)/(-6 - -5). Let d(j) = -j**3 - 7*j**2 - 2*j - 3. Determine d(t).
11
Suppose 8 = -2*h - 5*g + 39, -3*h + 4*g - 11 = 0. Let t(z) = -7 + 2*z**3 + 5*z - 2*z**3 + 0*z**h - 4*z**2 - z**3. Determine t(-5).
-7
Let y(g) = -9*g + 17*g - 11*g - 5 + 10. Suppose -x = x - 12. Let c be -3*(16/x)/(-2). What is y(c)?
-7
Let m(p) = -2*p**2 - 4*p + 1. Let l(d) = -2*d**2 - 5*d + 1. Let c(f) = -5*l(f) + 6*m(f). Determine c(-1).
-2
Suppose 0 = x + 2*x + 3. Let l(w) = -2*w**2 + 4*w - 2. Let i be l(2). Let q = i - x. Let m(k) = 4*k**2 + 2*k + 1. Give m(q).
3
Let a = 5 - 0. Let j be a*-2*5/(-10). Let y(g) = 2*g - 7. Give y(j).
3
Let p(r) = 5*r**2 - 3. Let x(b) = -2*b**2 + 1. Let f(n) = 4*p(n) + 11*x(n). Let i(v) = v**2 + 9*v + 15. Let a be i(-7). Give f(a).
-3
Let v(x) = x**2 + 3*x + 2. Let d(k) = -k**3 - 7*k**2 + 8*k + 11. Let g be d(-8). Suppose -5*y = g - 1. Give v(y).
0
Let t(q) be the third derivative of 1/24*q**4 + 0*q + 0*q**3 + 0 + 3*q**2. What is t(-2)?
-2
Let g = -6 - -7. Let u(h) = g + 1 + 5*h - 8*h. Calculate u(3).
-7
Let x be (-22)/6 + 4/6. Let i(j) = -4 - 1 + 1 + j + j**2. Let l be i(x). Let u(c) = c**3 - c**2 + 2*c - 3. Give u(l).
5
Let i(l) = 5*l + 4. Let q(t) = 4*t + 3. Let u(o) = -5*i(o) + 6*q(o). What is u(-7)?
5
Let w(r) = -3*r**2 - 6*r - 1. Let n(i) = 2*i**2 + 5*i + 1. Let x(f) = 6*n(f) + 5*w(f). Give x(-2).
-11
Let m(s) = s**2 - s + 1. Let x = 2 + -3. Let c(u) be the first derivative of -5*u**2/2 + 9*u + 2. Let g(v) = x*m(v) + c(v). Calculate g(-6).
-4
Let z(q) = q**3 - 11*q**2 + 9*q + 13. Let x(p) = p**2 + 7*p - 8. Let n be x(-9). Let g be z(n). Let m(j) = g + 3*j - 3*j + j. Determine m(-4).
-1
Let m(l) be the third derivative of l**5/30 - l**4/4 + 3*l**2. Let i be (12/10)/((-21)/(-70)). Give m(i).
8
Let r(i) = 11*i + 1. Let o(j) = -29*j - 2. Let m(s) = 14*s + 1. Let q(l) = -9*m(l) - 4*o(l). Let x(y) = 7*q(y) + 6*r(y). Determine x(1).
-5
Let p(z) = -z**2 + z + 11. Let s be 5 - (3 + (-8 - -4)). Suppose 2*h - s*h = 0. What is p(h)?
11
Let t = 10 + -4. Let f be -1 - (-2)/(-4)*t. Let g(h) = h + 4. What is g(f)?
0
Let w(z) = z**3 - 2*z**2 - z - 4. Let p be ((-5)/2)/((-5)/10). Suppo